{"id":5252,"date":"2016-01-26T16:29:04","date_gmt":"2016-01-26T15:29:04","guid":{"rendered":"http:\/\/rosekosmetikstudio.de\/wordpress\/willkommen-copy\/"},"modified":"2024-08-30T10:37:15","modified_gmt":"2024-08-30T08:37:15","slug":"ueber_uns","status":"publish","type":"page","link":"http:\/\/rosekosmetikstudio.de\/wordpress\/ueber_uns\/","title":{"rendered":"\u00dcber uns"},"content":{"rendered":"<p><\/p>\n<!--themify_builder_content-->\n<div id=\"themify_builder_content-5252\" data-postid=\"5252\" class=\"themify_builder_content themify_builder_content-5252 themify_builder tf_clear\">\n    \t<!-- module_row -->\n\t<div  data-css_id=\"z01c008\" data-lazy=\"1\" class=\"module_row themify_builder_row builder-parallax-scrolling fullwidth_row_container tb_z01c008 tb_first tf_clearfix\" >\n\t    <div class=\"builder_row_cover tf_abs\"><\/div>\t\t<div class=\"row_inner col_align_top col-count-3 tf_box tf_w tf_rel\">\n\t\t\t<div  data-lazy=\"1\" class=\"module_column tb-column col3-1 first tb_uv6a800 tf_box\">\n\t\t\t    \t<\/div>\n\t\t<div  data-lazy=\"1\" class=\"module_column tb-column col3-1 middle tb_6elu777 tf_box\">\n\t\t\t    \t        <div class=\"tb-column-inner tf_box tf_w\">\n\t\t    <!-- module image -->\n<div  class=\"module module-image tb_g1q5370   image-top tf_mw\" data-lazy=\"1\">\n        <div class=\"image-wrap tf_rel tf_mw\">\n\t\t    <img loading=\"lazy\" width=\"700\" height=\"510\" src=\"http:\/\/rosekosmetikstudio.de\/wordpress\/wp-content\/uploads\/2016\/01\/\u00dcberuns700.png\" class=\"wp-post-image wp-image-5267\" title=\"\u00dcberuns700\" alt=\"\u00dcberuns700\" srcset=\"http:\/\/rosekosmetikstudio.de\/wordpress\/wp-content\/uploads\/2016\/01\/\u00dcberuns700.png 700w, http:\/\/rosekosmetikstudio.de\/wordpress\/wp-content\/uploads\/2016\/01\/\u00dcberuns700-300x219.png 300w\" sizes=\"(max-width: 700px) 100vw, 700px\" \/>\t\n\t\t<\/div>\n\t<!-- \/image-wrap -->\n    \n    \t<\/div>\n<!-- \/module image -->\t        <\/div>\n\t    \t<\/div>\n\t\t<div  data-lazy=\"1\" class=\"module_column tb-column col3-1 last tb_a6cu303 tf_box\">\n\t\t\t    \t<\/div>\n\t\t    <\/div>\n\t    <!-- \/row_inner -->\n\t<\/div>\n\t<!-- \/module_row -->\n\t\t<!-- module_row -->\n\t<div  data-lazy=\"1\" class=\"module_row themify_builder_row tb_v4bs008 tf_clearfix\" >\n\t    \t\t<div class=\"row_inner col_align_top col-count-2 tf_box tf_w tf_rel\">\n\t\t\t<div  data-lazy=\"1\" class=\"module_column tb-column col4-2 first tb_jxix370 tf_box\">\n\t\t\t    \t        <div class=\"tb-column-inner tf_box tf_w\">\n\t\t    <!-- module gallery -->\n<div  class=\"module gallery module-gallery tb_zh17444 layout-showcase  \" data-lazy=\"1\">\n    \t<div class=\"gallery-showcase-image\">\n\t\t<div class=\"image-wrapper gallery-icon tf_inline_b tf_rel\">\n\t\t\t<img loading=\"lazy\" src=\"http:\/\/rosekosmetikstudio.de\/wordpress\/wp-content\/uploads\/2024\/08\/rose-2408-09-3-1024x576-600x400.jpg\" width=\"600\" height=\"400\" class=\"wp-post-image wp-image-5523\" title=\"rose-2408-09\" alt=\"rose-2408-09\" srcset=\"http:\/\/rosekosmetikstudio.de\/wordpress\/wp-content\/uploads\/2024\/08\/rose-2408-09-3-1024x576-600x400.jpg 600w, http:\/\/rosekosmetikstudio.de\/wordpress\/wp-content\/uploads\/2024\/08\/rose-2408-09-3-1024x576-300x200.jpg 300w\" sizes=\"(max-width: 600px) 100vw, 600px\" \/>\t\t\t\t\t<\/div>\n    <\/div>\n    <div class=\"gallery-images tf_hidden\">\n        \t\t\t<div class=\"gallery-icon tf_inline_b\">\n\t\t\t\t<a data-image=\"http:\/\/rosekosmetikstudio.de\/wordpress\/wp-content\/uploads\/2024\/08\/rose-2408-09-3-1024x576-600x400.jpg\" title=\"rose-2408-09\" data-caption=\"\" href=\"#\"><img loading=\"lazy\" src=\"http:\/\/rosekosmetikstudio.de\/wordpress\/wp-content\/uploads\/2024\/08\/rose-2408-09-3-1024x576-600x400.jpg\" width=\"600\" height=\"400\" class=\"wp-post-image wp-image-5523\" title=\"rose-2408-09\" alt=\"rose-2408-09\" srcset=\"http:\/\/rosekosmetikstudio.de\/wordpress\/wp-content\/uploads\/2024\/08\/rose-2408-09-3-1024x576-600x400.jpg 600w, http:\/\/rosekosmetikstudio.de\/wordpress\/wp-content\/uploads\/2024\/08\/rose-2408-09-3-1024x576-300x200.jpg 300w\" sizes=\"(max-width: 600px) 100vw, 600px\" \/><\/a>\t\t<\/div>\n        \t\t\t<div class=\"gallery-icon tf_inline_b\">\n\t\t\t\t<a data-image=\"http:\/\/rosekosmetikstudio.de\/wordpress\/wp-content\/uploads\/2024\/08\/r2g6-600x400.jpg\" title=\"r2g6\" data-caption=\"\" href=\"#\"><img loading=\"lazy\" src=\"http:\/\/rosekosmetikstudio.de\/wordpress\/wp-content\/uploads\/2024\/08\/r2g6-600x400.jpg\" width=\"600\" height=\"400\" class=\"wp-post-image wp-image-5532\" title=\"r2g6\" alt=\"r2g6\"><\/a>\t\t<\/div>\n        \t\t\t<div class=\"gallery-icon tf_inline_b\">\n\t\t\t\t<a data-image=\"http:\/\/rosekosmetikstudio.de\/wordpress\/wp-content\/uploads\/2024\/08\/r2g2-600x400.jpg\" title=\"r2g2\" data-caption=\"\" href=\"#\"><img loading=\"lazy\" src=\"http:\/\/rosekosmetikstudio.de\/wordpress\/wp-content\/uploads\/2024\/08\/r2g2-600x400.jpg\" width=\"600\" height=\"400\" class=\"wp-post-image wp-image-5536\" title=\"r2g2\" alt=\"r2g2\"><\/a>\t\t<\/div>\n        \t\t\t<div class=\"gallery-icon tf_inline_b\">\n\t\t\t\t<a data-image=\"http:\/\/rosekosmetikstudio.de\/wordpress\/wp-content\/uploads\/2024\/08\/r2g5-600x400.jpg\" title=\"r2g5\" data-caption=\"\" href=\"#\"><img loading=\"lazy\" src=\"http:\/\/rosekosmetikstudio.de\/wordpress\/wp-content\/uploads\/2024\/08\/r2g5-600x400.jpg\" width=\"600\" height=\"400\" class=\"wp-post-image wp-image-5533\" title=\"r2g5\" alt=\"r2g5\"><\/a>\t\t<\/div>\n        \t\t\t<div class=\"gallery-icon tf_inline_b\">\n\t\t\t\t<a data-image=\"http:\/\/rosekosmetikstudio.de\/wordpress\/wp-content\/uploads\/2024\/08\/r2g8-600x400.jpg\" title=\"r2g8\" data-caption=\"\" href=\"#\"><img loading=\"lazy\" src=\"http:\/\/rosekosmetikstudio.de\/wordpress\/wp-content\/uploads\/2024\/08\/r2g8-600x400.jpg\" width=\"600\" height=\"400\" class=\"wp-post-image wp-image-5549\" title=\"r2g8\" alt=\"r2g8\"><\/a>\t\t<\/div>\n        \t\t\t<div class=\"gallery-icon tf_inline_b\">\n\t\t\t\t<a data-image=\"http:\/\/rosekosmetikstudio.de\/wordpress\/wp-content\/uploads\/2024\/08\/r2g4-600x400.jpg\" title=\"r2g4\" data-caption=\"\" href=\"#\"><img loading=\"lazy\" src=\"http:\/\/rosekosmetikstudio.de\/wordpress\/wp-content\/uploads\/2024\/08\/r2g4-600x400.jpg\" width=\"600\" height=\"400\" class=\"wp-post-image wp-image-5534\" title=\"r2g4\" alt=\"r2g4\"><\/a>\t\t<\/div>\n        \t\t\t<div class=\"gallery-icon tf_inline_b\">\n\t\t\t\t<a data-image=\"http:\/\/rosekosmetikstudio.de\/wordpress\/wp-content\/uploads\/2024\/08\/r2g3-600x400.jpg\" title=\"r2g3\" data-caption=\"\" href=\"#\"><img loading=\"lazy\" src=\"http:\/\/rosekosmetikstudio.de\/wordpress\/wp-content\/uploads\/2024\/08\/r2g3-600x400.jpg\" width=\"600\" height=\"400\" class=\"wp-post-image wp-image-5535\" title=\"r2g3\" alt=\"r2g3\"><\/a>\t\t<\/div>\n        \t\t\t<div class=\"gallery-icon tf_inline_b\">\n\t\t\t\t<a data-image=\"http:\/\/rosekosmetikstudio.de\/wordpress\/wp-content\/uploads\/2024\/08\/r2g1-600x400.jpg\" title=\"r2g1\" data-caption=\"\" href=\"#\"><img loading=\"lazy\" src=\"http:\/\/rosekosmetikstudio.de\/wordpress\/wp-content\/uploads\/2024\/08\/r2g1-600x400.jpg\" width=\"600\" height=\"400\" class=\"wp-post-image wp-image-5537\" title=\"r2g1\" alt=\"r2g1\"><\/a>\t\t<\/div>\n            <\/div>\n<\/div>\n<!-- \/module gallery -->\t        <\/div>\n\t    \t<\/div>\n\t\t<div  data-lazy=\"1\" class=\"module_column tb-column col4-2 last tb_xg3j800 tf_box\">\n\t\t\t    \t        <div class=\"tb-column-inner tf_box tf_w\">\n\t\t    <!-- module text -->\n<div  class=\"module module-text tb_vl4z008    wow\" data-tf-animation=\"fadeInRight\" data-lazy=\"1\">\n        <div  class=\"tb_text_wrap\">\n    <h3><span style=\"color: #a3144f;\">EXKLUSIVE KOSMETIK SEIT 1991<\/span><\/h3><p style=\"text-align: left;\">Wie jeder Unternehmensgr\u00fcnder, haben auch wir klein angefangen.Vor 10 Jahren er\u00f6ffnete Danica Rose das Kosmetikstudio Rose in Holzwickede. Als Gesch\u00e4ftsf\u00fchrerin war sie damals die einzige Mitarbeiterin des Kosmetikstudios. Doch die Nachfrage wurde immer gr\u00f6\u00dfer, so dass Danica Rose ihr Unternehmen vergr\u00f6\u00dfern konnte. Heute besteht das Rose Kosmetikstudio aus einem dreik\u00f6pfigen Team welches von zahlreichen Zertifikaten und Diplomen ausgezeichnet wurde. Regelm\u00e4\u00dfig besucht das Team Seminare und Kosmetikmessen, um sich weiterzubilden und immer auf dem neusten Stand zu sein, damit Ihnen, als Kunde, immer nur das Beste geboten werden kann.<\/p>    <\/div>\n<\/div>\n<!-- \/module text -->\t        <\/div>\n\t    \t<\/div>\n\t\t    <\/div>\n\t    <!-- \/row_inner -->\n\t<\/div>\n\t<!-- \/module_row -->\n\t\t<!-- module_row -->\n\t<div  data-lazy=\"1\" class=\"module_row themify_builder_row tb_6qgv377 tf_clearfix\">\n\t    \t\t<div class=\"row_inner col_align_top col-count-1 tf_box tf_w tf_rel\">\n\t\t\t<div  data-lazy=\"1\" class=\"module_column tb-column col-full first tb_5utt070 tf_box\">\n\t\t\t    \t        <div class=\"tb-column-inner tf_box tf_w\">\n\t\t    <!-- module text -->\n<div  class=\"module module-text tb_nrc8003   \" data-lazy=\"1\">\n        <div  class=\"tb_text_wrap\">\n    <h3 style=\"text-align: center;\">UNSER TEAM<\/h3>    <\/div>\n<\/div>\n<!-- \/module text -->\t        <\/div>\n\t    \t<\/div>\n\t\t    <\/div>\n\t    <!-- \/row_inner -->\n\t<\/div>\n\t<!-- \/module_row -->\n\t\t<!-- module_row -->\n\t<div  data-lazy=\"1\" class=\"module_row themify_builder_row tb_tmyq008 tf_clearfix\" >\n\t    <div class=\"builder_row_cover tf_abs\"><\/div>\t\t<div class=\"row_inner col_align_top col-count-3 tf_box tf_w tf_rel\">\n\t\t\t<div  data-lazy=\"1\" class=\"module_column tb-column col3-1 first tb_shln000 tf_box\">\n\t\t\t    \t        <div class=\"tb-column-inner tf_box tf_w\">\n\t\t    <!-- module image -->\n<div  class=\"module module-image tb_6zkj777 circle  image-top tf_mw wow\" data-tf-animation=\"bounceIn\" data-lazy=\"1\">\n        <div class=\"image-wrap tf_rel tf_mw\">\n\t\t    <img loading=\"lazy\" width=\"300\" height=\"301\" src=\"http:\/\/rosekosmetikstudio.de\/wordpress\/wp-content\/uploads\/2024\/08\/rose-2408-w2.jpg\" class=\"wp-post-image wp-image-5493\" title=\"rose-2408-w2\" alt=\"rose-2408-w2\" srcset=\"http:\/\/rosekosmetikstudio.de\/wordpress\/wp-content\/uploads\/2024\/08\/rose-2408-w2.jpg 300w, http:\/\/rosekosmetikstudio.de\/wordpress\/wp-content\/uploads\/2024\/08\/rose-2408-w2-150x150.jpg 150w\" sizes=\"(max-width: 300px) 100vw, 300px\" \/>\t\n\t\t<\/div>\n\t<!-- \/image-wrap -->\n    \n    \t<\/div>\n<!-- \/module image --><!-- module text -->\n<div  class=\"module module-text tb_aj6u998    wow\" data-tf-animation=\"fadeInUp\" data-lazy=\"1\">\n        <div  class=\"tb_text_wrap\">\n    <h3 style=\"text-align: center;\"><span style=\"color: #000000;\">DELFA JURIC<\/span><\/h3><p style=\"text-align: center;\"><span style=\"color: #575756;\">Nageldesignerin<br \/>Kosmetikerin<br \/>Fu\u00dfpflegerin<\/span><\/p>    <\/div>\n<\/div>\n<!-- \/module text -->\t        <\/div>\n\t    \t<\/div>\n\t\t<div  data-lazy=\"1\" class=\"module_column tb-column col3-1 middle tb_ppb7377 tf_box\">\n\t\t\t    \t        <div class=\"tb-column-inner tf_box tf_w\">\n\t\t    <!-- module image -->\n<div  class=\"module module-image tb_4jp0098 circle  image-top tf_mw wow\" data-tf-animation=\"bounceIn\" data-lazy=\"1\">\n        <div class=\"image-wrap tf_rel tf_mw\">\n\t\t    <img loading=\"lazy\" width=\"300\" height=\"300\" src=\"http:\/\/rosekosmetikstudio.de\/wordpress\/wp-content\/uploads\/2024\/08\/rose-2408-w1.jpg\" class=\"wp-post-image wp-image-5492\" title=\"rose-2408-w1\" alt=\"rose-2408-w1\" srcset=\"http:\/\/rosekosmetikstudio.de\/wordpress\/wp-content\/uploads\/2024\/08\/rose-2408-w1.jpg 300w, http:\/\/rosekosmetikstudio.de\/wordpress\/wp-content\/uploads\/2024\/08\/rose-2408-w1-150x150.jpg 150w\" sizes=\"(max-width: 300px) 100vw, 300px\" \/>\t\n\t\t<\/div>\n\t<!-- \/image-wrap -->\n    \n    \t<\/div>\n<!-- \/module image --><!-- module text -->\n<div  class=\"module module-text tb_fbjf773    wow\" data-tf-animation=\"fadeInUp\" data-lazy=\"1\">\n        <div  class=\"tb_text_wrap\">\n    <h3 style=\"text-align: center;\"><span style=\"color: #000000;\">DANICA ROSE<\/span><\/h3><p style=\"text-align: center;\"><span style=\"color: #575756;\">Gesch\u00e4ftsf\u00fchrerin<br \/>Nageldesignerin<br \/>Kosmetikerin<br \/>Fu\u00dfpflegerin<\/span><\/p>    <\/div>\n<\/div>\n<!-- \/module text -->\t        <\/div>\n\t    \t<\/div>\n\t\t<div  data-lazy=\"1\" class=\"module_column tb-column col3-1 last tb_80zn707 tf_box\">\n\t\t\t    \t        <div class=\"tb-column-inner tf_box tf_w\">\n\t\t    <!-- module image -->\n<div  class=\"module module-image tb_14pv807 circle  image-top tf_mw wow\" data-tf-animation=\"bounceIn\" data-lazy=\"1\">\n        <div class=\"image-wrap tf_rel tf_mw\">\n\t\t    <img loading=\"lazy\" width=\"300\" height=\"302\" src=\"http:\/\/rosekosmetikstudio.de\/wordpress\/wp-content\/uploads\/2024\/08\/rose-2408-w3.jpg\" class=\"wp-post-image wp-image-5494\" title=\"rose-2408-w3\" alt=\"rose-2408-w3\" srcset=\"http:\/\/rosekosmetikstudio.de\/wordpress\/wp-content\/uploads\/2024\/08\/rose-2408-w3.jpg 300w, http:\/\/rosekosmetikstudio.de\/wordpress\/wp-content\/uploads\/2024\/08\/rose-2408-w3-298x300.jpg 298w, http:\/\/rosekosmetikstudio.de\/wordpress\/wp-content\/uploads\/2024\/08\/rose-2408-w3-150x150.jpg 150w\" sizes=\"(max-width: 300px) 100vw, 300px\" \/>\t\n\t\t<\/div>\n\t<!-- \/image-wrap -->\n    \n    \t<\/div>\n<!-- \/module image --><!-- module text -->\n<div  class=\"module module-text tb_btng157    wow\" data-tf-animation=\"fadeInUp\" data-lazy=\"1\">\n        <div  class=\"tb_text_wrap\">\n    <h3 style=\"text-align: center;\"><span style=\"color: #000000;\">Elisabeth Matuschow<\/span><\/h3>\n<p style=\"text-align: center;\"><span style=\"color: #575756;\">Fu\u00dfpflegerin<\/span><\/p>    <\/div>\n<\/div>\n<!-- \/module text -->\t        <\/div>\n\t    \t<\/div>\n\t\t    <\/div>\n\t    <!-- \/row_inner -->\n\t<\/div>\n\t<!-- \/module_row -->\n\t<\/div>\n<!--\/themify_builder_content-->","protected":false},"excerpt":{"rendered":"","protected":false},"author":1,"featured_media":0,"parent":0,"menu_order":0,"comment_status":"closed","ping_status":"closed","template":"","meta":[],"builder_content":"<img loading=\"lazy\" width=\"700\" height=\"510\" src=\"http:\/\/rosekosmetikstudio.de\/wordpress\/wp-content\/uploads\/2016\/01\/\u00dcberuns700.png\" title=\"\u00dcberuns700\" alt=\"\u00dcberuns700\" srcset=\"http:\/\/rosekosmetikstudio.de\/wordpress\/wp-content\/uploads\/2016\/01\/\u00dcberuns700.png 700w, http:\/\/rosekosmetikstudio.de\/wordpress\/wp-content\/uploads\/2016\/01\/\u00dcberuns700-300x219.png 300w\" sizes=\"(max-width: 700px) 100vw, 700px\" \/>\n[gallery _orderbyfield=\"menu_order ID\" link=\"none\" ids=\"5523,5532,5536,5533,5549,5534,5535,5537\"]\n<h3>EXKLUSIVE KOSMETIK SEIT 1991<\/h3><p style=\"text-align: left;\">Wie jeder Unternehmensgr\u00fcnder, haben auch wir klein angefangen.Vor 10 Jahren er\u00f6ffnete Danica Rose das Kosmetikstudio Rose in Holzwickede. Als Gesch\u00e4ftsf\u00fchrerin war sie damals die einzige Mitarbeiterin des Kosmetikstudios. Doch die Nachfrage wurde immer gr\u00f6\u00dfer, so dass Danica Rose ihr Unternehmen vergr\u00f6\u00dfern konnte. Heute besteht das Rose Kosmetikstudio aus einem dreik\u00f6pfigen Team welches von zahlreichen Zertifikaten und Diplomen ausgezeichnet wurde. Regelm\u00e4\u00dfig besucht das Team Seminare und Kosmetikmessen, um sich weiterzubilden und immer auf dem neusten Stand zu sein, damit Ihnen, als Kunde, immer nur das Beste geboten werden kann.<\/p>\n<h3 style=\"text-align: center;\">UNSER TEAM<\/h3>\n<img loading=\"lazy\" width=\"300\" height=\"301\" src=\"http:\/\/rosekosmetikstudio.de\/wordpress\/wp-content\/uploads\/2024\/08\/rose-2408-w2.jpg\" title=\"rose-2408-w2\" alt=\"rose-2408-w2\" srcset=\"http:\/\/rosekosmetikstudio.de\/wordpress\/wp-content\/uploads\/2024\/08\/rose-2408-w2.jpg 300w, http:\/\/rosekosmetikstudio.de\/wordpress\/wp-content\/uploads\/2024\/08\/rose-2408-w2-150x150.jpg 150w\" sizes=\"(max-width: 300px) 100vw, 300px\" \/>\n<h3 style=\"text-align: center;\">DELFA JURIC<\/h3><p style=\"text-align: center;\">Nageldesignerin<br \/>Kosmetikerin<br \/>Fu\u00dfpflegerin<\/p>\n<img loading=\"lazy\" width=\"300\" height=\"300\" src=\"http:\/\/rosekosmetikstudio.de\/wordpress\/wp-content\/uploads\/2024\/08\/rose-2408-w1.jpg\" title=\"rose-2408-w1\" alt=\"rose-2408-w1\" srcset=\"http:\/\/rosekosmetikstudio.de\/wordpress\/wp-content\/uploads\/2024\/08\/rose-2408-w1.jpg 300w, http:\/\/rosekosmetikstudio.de\/wordpress\/wp-content\/uploads\/2024\/08\/rose-2408-w1-150x150.jpg 150w\" sizes=\"(max-width: 300px) 100vw, 300px\" \/>\n<h3 style=\"text-align: center;\">DANICA ROSE<\/h3><p style=\"text-align: center;\">Gesch\u00e4ftsf\u00fchrerin<br \/>Nageldesignerin<br \/>Kosmetikerin<br \/>Fu\u00dfpflegerin<\/p>\n<img loading=\"lazy\" width=\"300\" height=\"302\" src=\"http:\/\/rosekosmetikstudio.de\/wordpress\/wp-content\/uploads\/2024\/08\/rose-2408-w3.jpg\" title=\"rose-2408-w3\" alt=\"rose-2408-w3\" srcset=\"http:\/\/rosekosmetikstudio.de\/wordpress\/wp-content\/uploads\/2024\/08\/rose-2408-w3.jpg 300w, http:\/\/rosekosmetikstudio.de\/wordpress\/wp-content\/uploads\/2024\/08\/rose-2408-w3-298x300.jpg 298w, http:\/\/rosekosmetikstudio.de\/wordpress\/wp-content\/uploads\/2024\/08\/rose-2408-w3-150x150.jpg 150w\" sizes=\"(max-width: 300px) 100vw, 300px\" \/>\n<h3 style=\"text-align: center;\">Elisabeth Matuschow<\/h3> <p style=\"text-align: center;\">Fu\u00dfpflegerin<\/p>","_links":{"self":[{"href":"http:\/\/rosekosmetikstudio.de\/wordpress\/wp-json\/wp\/v2\/pages\/5252"}],"collection":[{"href":"http:\/\/rosekosmetikstudio.de\/wordpress\/wp-json\/wp\/v2\/pages"}],"about":[{"href":"http:\/\/rosekosmetikstudio.de\/wordpress\/wp-json\/wp\/v2\/types\/page"}],"author":[{"embeddable":true,"href":"http:\/\/rosekosmetikstudio.de\/wordpress\/wp-json\/wp\/v2\/users\/1"}],"replies":[{"embeddable":true,"href":"http:\/\/rosekosmetikstudio.de\/wordpress\/wp-json\/wp\/v2\/comments?post=5252"}],"version-history":[{"count":18,"href":"http:\/\/rosekosmetikstudio.de\/wordpress\/wp-json\/wp\/v2\/pages\/5252\/revisions"}],"predecessor-version":[{"id":5555,"href":"http:\/\/rosekosmetikstudio.de\/wordpress\/wp-json\/wp\/v2\/pages\/5252\/revisions\/5555"}],"wp:attachment":[{"href":"http:\/\/rosekosmetikstudio.de\/wordpress\/wp-json\/wp\/v2\/media?parent=5252"}],"curies":[{"name":"wp","href":"https:\/\/api.w.org\/{rel}","templated":true}]}}